{"id":1860,"date":"2022-06-19T13:15:27","date_gmt":"2022-06-19T11:15:27","guid":{"rendered":"http:\/\/llamber.com\/?page_id=1860"},"modified":"2022-06-19T13:16:18","modified_gmt":"2022-06-19T11:16:18","slug":"politica-de-cookies","status":"publish","type":"page","link":"https:\/\/llamber.com\/eng\/politica-de-cookies\/","title":{"rendered":"Pol\u00edtica de cookies"},"content":{"rendered":"<div data-elementor-type=\"wp-page\" data-elementor-id=\"1860\" class=\"elementor elementor-1860\">\n\t\t\t\t\t\t<section class=\"elementor-section elementor-top-section elementor-element elementor-element-13560f92 elementor-section-boxed elementor-section-height-default elementor-section-height-default\" data-id=\"13560f92\" data-element_type=\"section\" data-settings=\"{&quot;background_background&quot;:&quot;classic&quot;}\">\n\t\t\t\t\t\t<div class=\"elementor-container elementor-column-gap-default\">\n\t\t\t\t\t<div class=\"elementor-column elementor-col-100 elementor-top-column elementor-element elementor-element-6a6d7af\" data-id=\"6a6d7af\" data-element_type=\"column\">\n\t\t\t<div class=\"elementor-widget-wrap elementor-element-populated\">\n\t\t\t\t\t\t<section class=\"elementor-section elementor-inner-section elementor-element elementor-element-1e5ed21c elementor-section-boxed elementor-section-height-default elementor-section-height-default\" data-id=\"1e5ed21c\" data-element_type=\"section\">\n\t\t\t\t\t\t<div class=\"elementor-container elementor-column-gap-default\">\n\t\t\t\t\t<div class=\"elementor-column elementor-col-100 elementor-inner-column elementor-element elementor-element-4d30234a\" data-id=\"4d30234a\" data-element_type=\"column\">\n\t\t\t<div class=\"elementor-widget-wrap elementor-element-populated\">\n\t\t\t\t\t\t<div class=\"elementor-element elementor-element-71def6c7 elementor-widget elementor-widget-text-editor\" data-id=\"71def6c7\" data-element_type=\"widget\" data-widget_type=\"text-editor.default\">\n\t\t\t\t<div class=\"elementor-widget-container\">\n\t\t\t<style>\/*! elementor - v3.22.0 - 24-06-2024 *\/\n.elementor-widget-text-editor.elementor-drop-cap-view-stacked .elementor-drop-cap{background-color:#69727d;color:#fff}.elementor-widget-text-editor.elementor-drop-cap-view-framed .elementor-drop-cap{color:#69727d;border:3px solid;background-color:transparent}.elementor-widget-text-editor:not(.elementor-drop-cap-view-default) .elementor-drop-cap{margin-top:8px}.elementor-widget-text-editor:not(.elementor-drop-cap-view-default) .elementor-drop-cap-letter{width:1em;height:1em}.elementor-widget-text-editor .elementor-drop-cap{float:left;text-align:center;line-height:1;font-size:50px}.elementor-widget-text-editor .elementor-drop-cap-letter{display:inline-block}<\/style>\t\t\t\t<p class=\"p1\" style=\"font-family: 'Bel';\">The current LSSI legislation (Law of the Information Society and Electronic Commerce) obliges us to inform about the cookies that are downloaded on this website, especially about third-party cookies. Although it is impossible to do it strictly (since most depend exclusively on services like Google) at least this site will try to specify the most stable ones.<\/p><p class=\"p1\" style=\"font-family: 'Bel';\">Those users who do not want to receive cookies or want to be informed before they are stored on their computer or device, can configure their browser for this purpose.<\/p><h3 style=\"font-family: 'Bel';\"><b><\/b><br \/>What are cookies?<b><\/b><\/h3><p class=\"p1\" style=\"font-family: 'Bel';\">A cookie is a file that is downloaded to your computer when you access certain web pages. Cookies allow a web page, among other things, to store and retrieve information about the browsing habits of a user or their equipment and, depending on the information they contain and the way in which they use their equipment, they can be used to recognize to user.<\/p><h3 style=\"font-family: 'Bel';\">\u00a0<\/h3><h3 style=\"font-family: 'Bel';\">What types of cookies are there?<\/h3><p class=\"p1\" style=\"font-family: 'Bel';\">Types of cookies depending on the entity that manages the computer or domain from which the cookies are sent and processes the data obtained, we can distinguish:<\/p><p><span class=\"s3\">Own cookies<\/span>: Are those that are sent to the user's terminal equipment from a computer or domain managed by the editor itself and from which the service requested by the user is provided.<\/p><p><span class=\"s3\">Third party cookies<\/span>: Are those that are sent to the user's terminal equipment from a computer or domain that is not managed<span class=\"s1\">by the publisher, but by another entity that processes the data obtained through cookies.<\/span><\/p><p>In the event that cookies are installed from a computer or domain managed by the editor itself but the information collected through them is managed by a third party, they cannot be considered as own cookies.<\/p><h3 style=\"font-family: 'Bel';\">\u00a0<\/h3><h3 style=\"font-family: 'Bel';\">Cookie DART<\/h3><p>Google, as a vendor partner, uses cookies to serve ads on WPHelp.<\/p><p>You can disable the use of the DART cookie from the Google ad system by accessing the <a href=\"http:\/\/www.doubleclick.com\/privacy\/faq.aspx\"><span class=\"s3\">Google privacy center<\/span><\/a>.<\/p><p>In addition, browsers may also allow users to view and delete <i>cookies <\/i>individualmente.<\/p><p>You have more information about the <i>Cookies <\/i>in: <a href=\"http:\/\/es.wikipedia.org\/wiki\/Cookie\"><span class=\"s3\">Wikipedia<\/span><\/a>(or expose a link where the user can obtain more information)<\/p><h3 style=\"font-family: 'Bel';\">\u00a0<\/h3><h3 style=\"font-family: 'Bel';\">Web <i>Beacons<\/i><\/h3><p><span style=\"font-family: bell;\">This site may also host <i>web beacons <\/i>(also known as <i>web bugs<\/i>The <i>web beacons <\/i>They are usually small, visible or invisible pixel-by-pixel images placed within the source code of a site's web pages. The <i>web beacons <\/i>They serve and are used in a similar way to the <i>cookies<\/i>. In addition, the <i>web beacons <\/i>They are usually used to measure the traffic of users who visit a web page and to be able to draw a pattern of the users of a site.<\/span><\/p><p><span style=\"font-family: bell;\">You have more information about the <i>web beacons <\/i>in: <a href=\"http:\/\/es.wikipedia.org\/wiki\/Web_bug\"><span class=\"s3\">Wikipedia<\/span><\/a> (or expose a link where the user can obtain more information)<\/span><\/p><p><span style=\"font-family: bell;\"><b><i>Third party cookies<\/i><\/b><\/span><\/p><p><span style=\"font-family: bell;\"><span class=\"s1\">In some cases, we share information about visitors to this site on an anonymous or aggregated basis with third parties as they may<\/span>be advertisers, sponsors or auditors for the sole purpose of improving our services. All these processing tasks will be regulated according to legal regulations and all your rights regarding data protection will be respected in accordance with current regulations.<\/span><\/p><p><span style=\"font-family: bell;\">This site measures traffic with different solutions you can use <i>cookies <\/i>or <i>web beacons <\/i>to analyze what happens on our pages. We currently use the following solutions to measure the traffic of this site. You can see more information about the privacy policy of each of the solutions used for this purpose:<\/span><\/p><p><span class=\"s2\" style=\"font-family: bell;\"><a href=\"http:\/\/www.google.com\/intl\/es\/policies\/privacy\/partners\/\"><span class=\"s5\">How Google uses the data it collects on websites<\/span><\/a><\/span><\/p><p><span style=\"font-family: bell;\">Google (Analytics): <\/span><a href=\"http:\/\/www\"><span class=\"s3\"><span style=\"font-family: bell;\">Google Analytics Privacy Policy<\/span><\/span><\/a><\/p><p><span style=\"font-family: bell;\"><b>This site may also host its own advertising, affiliates, or advertising networks. These advertisements are displayed by ad servers that also use <\/b><i>cookies <\/i><b>to show related advertising content to users. Each of these advertising servers has its own privacy policy, which can be consulted on their own web pages.<\/b><\/span><\/p><h3>\u00a0<\/h3><h3>What types of cookies does this website use?<\/h3><p><span style=\"font-family: bell;\">Below, in compliance with the provisions of article 22.2 of the LSSI, we expose the cookies that can be installed regularly while browsing this website.<\/span><\/p><table class=\"t1\" width=\"500.2\" cellspacing=\"0\" cellpadding=\"0\"><tbody><tr><td class=\"td1\" colspan=\"3\" valign=\"middle\">Own cookies<\/td><\/tr><tr><td class=\"td2\" valign=\"middle\">Cookies<\/td><td class=\"td3\" valign=\"middle\">Information (*)<\/td><td class=\"td4\" valign=\"middle\">Purpose<\/td><\/tr><\/tbody><\/table><table class=\"t1\" width=\"500.2\" cellspacing=\"0\" cellpadding=\"0\"><tbody><tr><td class=\"td2\" valign=\"middle\">Strictly necessary<\/td><td class=\"td3\" valign=\"middle\">User input c.<br \/>C. authentication session or user identification<br \/>C. user security<br \/>Media Player Session C.<br \/>C. session to balance the loadC. user interface customization<br \/>C. of complement (plug-in) to share and exchange social contents (Facebook and twitter)<br \/>C. to fill out the formsC. of the DisqusC commenting system. that remembers the acceptance of cookies<\/td><td class=\"td4\" valign=\"middle\">They serve to offer services or remember settings to improve your browsing experience on our website.<\/td><\/tr><\/tbody><\/table><table class=\"t1\" width=\"500.2\" cellspacing=\"0\" cellpadding=\"0\"><tbody><tr><td class=\"td5\" valign=\"middle\">Third Party Cookies:<\/td><td class=\"td6\" colspan=\"4\" valign=\"middle\">\u00a0<\/td><\/tr><tr><td class=\"td7\" valign=\"middle\">Cookies<\/td><td class=\"td8\" valign=\"middle\">Information (*)<\/td><td class=\"td9\" valign=\"middle\">Purpose<\/td><td class=\"td6\" colspan=\"2\" valign=\"middle\">\u00a0<\/td><\/tr><tr><td class=\"td10\" rowspan=\"2\" valign=\"middle\">AnalyticsGoogle Analitycs,<\/td><td class=\"td11\" rowspan=\"2\" valign=\"middle\">Number of visits, pages or sections visited, browsing time, sites visited before entering this page, details about the browsers used<\/td><td class=\"td9\" rowspan=\"2\" valign=\"middle\">Statistical reports on website traffic, its total audience and the audience in a certain advertising campaign<\/td><td class=\"td6\" colspan=\"2\" valign=\"middle\">\u00a0<\/td><\/tr><tr><td class=\"td6\" colspan=\"2\" valign=\"middle\">\u00a0<\/td><\/tr><tr><td class=\"td10\" rowspan=\"2\" valign=\"middle\">AdvertisingGoogle, Inc. (_cfduid)<\/td><td class=\"td11\" rowspan=\"2\" valign=\"middle\">User preferences, information about the interaction with the website (requested service, date and time), type of browser and language, geographic location)<\/td><td class=\"td9\" rowspan=\"2\" valign=\"middle\">Improve and manage the exposure of advertisements to the user by preventing the appearance of advertisements that they have already seen<\/td><td class=\"td6\" colspan=\"2\" valign=\"middle\">\u00a0<\/td><\/tr><tr><td class=\"td6\" colspan=\"2\" valign=\"middle\">\u00a0<\/td><\/tr><tr><td class=\"td10\" valign=\"middle\">Behavioral advertising<\/td><td class=\"td11\" valign=\"middle\">Information on Social Participation and User Tracking.<\/td><td class=\"td9\" valign=\"middle\">The main purpose of cookies from this host is: Targeting \/ Advertising<\/td><td class=\"td6\" colspan=\"2\" valign=\"middle\"><table class=\"t2\" width=\"63.0\" cellspacing=\"0\" cellpadding=\"0\"><tbody><tr><td class=\"td12\" valign=\"middle\">PayPal<\/td><td class=\"td13\" valign=\"middle\">\u00a0<\/td><\/tr><\/tbody><\/table><\/td><\/tr><\/tbody><\/table><table class=\"t1\" width=\"500.2\" cellspacing=\"0\" cellpadding=\"0\"><tbody><tr><td class=\"td10\" colspan=\"5\" valign=\"middle\">\u00a0<\/td><\/tr><tr><td class=\"td10\" valign=\"middle\">TSe9a623<br \/>Apache<br \/>PYPF<\/td><td class=\"td14\" valign=\"middle\">\u00a0<\/td><td class=\"td8\" valign=\"middle\">Technical cookies. They reinforce security in access to the PayPal payment platform. They may link to paypalobjects.com.<\/td><td class=\"td9\" valign=\"middle\">Technical cookies. They reinforce security in access to the PayPal payment platform. They may link to paypalobjects.com.<\/td><td class=\"td6\" valign=\"middle\">\u00a0<\/td><\/tr><\/tbody><\/table><p class=\"p1\" style=\"font-family: 'Bel';\">This site currently hosts advertising for:<\/p><p>Google Adsense: <a href=\"http:\/\/www.google.es\/privacypolicy.html\"><span class=\"s3\">Google Adsense Privacy Policy<\/span><\/a> \u2013 <a href=\"https:\/\/www.google.com\/adsense\/localized-terms\"><span class=\"s3\">Terms and Conditions<\/span><\/a> \u2013 <a href=\"https:\/\/www.google.com\/adsense\/support\/bin\/answer.py?answer=48182&amp;sourceid=aso&amp;subid=ww-ww-et-asui&amp;medium=link\"><span class=\"s3\">Program Policies<\/span><\/a><\/p><p>There are also cookies corresponding to the social networks used by this website, which have their own cookie policies.<\/p><p>Twitter cookie, as provided in its <a href=\"https:\/\/twitter.com\/privacy\"><span class=\"s3\">privacy policy and use of cookies<\/span><\/a>.<\/p><p>Facebook cookie, as provided in its <a href=\"%22https:\/\/\"><span class=\"s3\">Cookies policy<\/span><\/a><\/p><p>Google+ and Google Maps cookies, according to the provisions on their page about what <a href=\"http:\/\/www.google.com\/intl\/es\/policies\/technologies\/types\/\"><span class=\"s3\">type of cookies used<\/span><\/a><\/p><p>Pinterest cookie, as provided in its <a href=\"https:\/\/about.pinterest.com\/es\/privacy-policy\"><span class=\"s3\">Privacy policy and use of cookies<\/span><\/a><\/p><p class=\"p1\" style=\"font-family: 'Bel';\"><span class=\"s1\">This website uses its own and third-party cookies to ensure that you have <\/span>a better browsing experience, you can share content on social networks and to obtain statistics from our users<span class=\"s2\">.<\/span><\/p>\t\t\t\t\t\t<\/div>\n\t\t\t\t<\/div>\n\t\t\t\t\t<\/div>\n\t\t<\/div>\n\t\t\t\t\t<\/div>\n\t\t<\/section>\n\t\t\t\t\t<\/div>\n\t\t<\/div>\n\t\t\t\t\t<\/div>\n\t\t<\/section>\n\t\t\t\t<section class=\"elementor-section elementor-top-section elementor-element elementor-element-38295245 elementor-section-boxed elementor-section-height-default elementor-section-height-default\" data-id=\"38295245\" data-element_type=\"section\" data-settings=\"{&quot;background_background&quot;:&quot;classic&quot;}\">\n\t\t\t\t\t\t<div class=\"elementor-container elementor-column-gap-default\">\n\t\t\t\t\t<div class=\"elementor-column elementor-col-100 elementor-top-column elementor-element elementor-element-55c97394\" data-id=\"55c97394\" data-element_type=\"column\">\n\t\t\t<div class=\"elementor-widget-wrap elementor-element-populated\">\n\t\t\t\t\t\t<section class=\"elementor-section elementor-inner-section elementor-element elementor-element-3e916edb elementor-section-boxed elementor-section-height-default elementor-section-height-default\" data-id=\"3e916edb\" data-element_type=\"section\">\n\t\t\t\t\t\t<div class=\"elementor-container elementor-column-gap-default\">\n\t\t\t\t\t<div class=\"elementor-column elementor-col-33 elementor-inner-column elementor-element elementor-element-336c38cd\" data-id=\"336c38cd\" data-element_type=\"column\">\n\t\t\t<div class=\"elementor-widget-wrap elementor-element-populated\">\n\t\t\t\t\t\t<div class=\"elementor-element elementor-element-d87323f elementor-widget elementor-widget-text-editor\" data-id=\"d87323f\" data-element_type=\"widget\" data-widget_type=\"text-editor.default\">\n\t\t\t\t<div class=\"elementor-widget-container\">\n\t\t\t\t\t\t\t<p style=\"text-align: center;\"><span style=\"font-family: bell; color: #454545;\"><a style=\"color: #454545;\" href=\"https:\/\/llamber.com\/aviso-legal\/\">LEGAL WARNING<\/a><\/span><\/p>\t\t\t\t\t\t<\/div>\n\t\t\t\t<\/div>\n\t\t\t\t\t<\/div>\n\t\t<\/div>\n\t\t\t\t<div class=\"elementor-column elementor-col-33 elementor-inner-column elementor-element elementor-element-13c00dbc\" data-id=\"13c00dbc\" data-element_type=\"column\">\n\t\t\t<div class=\"elementor-widget-wrap elementor-element-populated\">\n\t\t\t\t\t\t<div class=\"elementor-element elementor-element-19fec3e5 elementor-widget elementor-widget-text-editor\" data-id=\"19fec3e5\" data-element_type=\"widget\" data-widget_type=\"text-editor.default\">\n\t\t\t\t<div class=\"elementor-widget-container\">\n\t\t\t\t\t\t\t<p style=\"text-align: center;\"><a href=\"https:\/\/llamber.com\/politica-de-cookies\/\"><span style=\"font-family: bell; color: #454545;\">COOKIES POLICY<\/span><\/a><\/p>\t\t\t\t\t\t<\/div>\n\t\t\t\t<\/div>\n\t\t\t\t\t<\/div>\n\t\t<\/div>\n\t\t\t\t<div class=\"elementor-column elementor-col-33 elementor-inner-column elementor-element elementor-element-28d5522c\" data-id=\"28d5522c\" data-element_type=\"column\">\n\t\t\t<div class=\"elementor-widget-wrap elementor-element-populated\">\n\t\t\t\t\t\t<div class=\"elementor-element elementor-element-5f2a6385 elementor-widget elementor-widget-text-editor\" data-id=\"5f2a6385\" data-element_type=\"widget\" data-widget_type=\"text-editor.default\">\n\t\t\t\t<div class=\"elementor-widget-container\">\n\t\t\t\t\t\t\t<p style=\"text-align: center;\"><span style=\"color: #454545;\"><a style=\"color: #454545;\" href=\"https:\/\/llamber.com\/politica-de-privacidad\/\"><span style=\"font-family: bell;\">PRIVACY POLICY<\/span><\/a><\/span><\/p>\t\t\t\t\t\t<\/div>\n\t\t\t\t<\/div>\n\t\t\t\t\t<\/div>\n\t\t<\/div>\n\t\t\t\t\t<\/div>\n\t\t<\/section>\n\t\t\t\t\t<\/div>\n\t\t<\/div>\n\t\t\t\t\t<\/div>\n\t\t<\/section>\n\t\t\t\t<\/div>","protected":false},"excerpt":{"rendered":"<p>La actual legislaci\u00f3n LSSI (Ley de la Sociedad de la informaci\u00f3n y el Comercio electr\u00f3nico) nos obliga a informar sobre las cookies que se descargan en esta web, en especial sobre las cookies de terceros. Aunque es imposible hacerlo de manera estricta (dado que la mayor\u00eda dependen exclusivamente de servicios como Google) al menos en&#8230;<\/p>","protected":false},"author":4,"featured_media":0,"parent":0,"menu_order":0,"comment_status":"closed","ping_status":"closed","template":"elementor_header_footer","meta":{"_links_to":"","_links_to_target":""},"yoast_head":"<!-- This site is optimized with the Yoast SEO plugin v20.6 - https:\/\/yoast.com\/wordpress\/plugins\/seo\/ -->\n<title>Pol\u00edtica de cookies - Taberna Llamber<\/title>\n<meta name=\"robots\" content=\"index, follow, max-snippet:-1, max-image-preview:large, max-video-preview:-1\" \/>\n<link rel=\"canonical\" href=\"https:\/\/llamber.com\/eng\/politica-de-cookies\/\" \/>\n<meta property=\"og:locale\" content=\"en_GB\" \/>\n<meta property=\"og:type\" content=\"article\" \/>\n<meta property=\"og:title\" content=\"Pol\u00edtica de cookies - Taberna Llamber\" \/>\n<meta property=\"og:description\" content=\"La actual legislaci\u00f3n LSSI (Ley de la Sociedad de la informaci\u00f3n y el Comercio electr\u00f3nico) nos obliga a informar sobre las cookies que se descargan en esta web, en especial sobre las cookies de terceros. Aunque es imposible hacerlo de manera estricta (dado que la mayor\u00eda dependen exclusivamente de servicios como Google) al menos en...\" \/>\n<meta property=\"og:url\" content=\"https:\/\/llamber.com\/eng\/politica-de-cookies\/\" \/>\n<meta property=\"og:site_name\" content=\"Taberna Llamber\" \/>\n<meta property=\"article:publisher\" content=\"https:\/\/es-es.facebook.com\/llamberbarcelona\/\" \/>\n<meta property=\"article:modified_time\" content=\"2022-06-19T11:16:18+00:00\" \/>\n<meta name=\"twitter:card\" content=\"summary_large_image\" \/>\n<meta name=\"twitter:label1\" content=\"Estimated reading time\" \/>\n\t<meta name=\"twitter:data1\" content=\"6 minutes\" \/>\n<script type=\"application\/ld+json\" class=\"yoast-schema-graph\">{\"@context\":\"https:\/\/schema.org\",\"@graph\":[{\"@type\":\"WebPage\",\"@id\":\"https:\/\/llamber.com\/politica-de-cookies\/\",\"url\":\"https:\/\/llamber.com\/politica-de-cookies\/\",\"name\":\"Pol\u00edtica de cookies - Taberna Llamber\",\"isPartOf\":{\"@id\":\"https:\/\/llamber.com\/#website\"},\"datePublished\":\"2022-06-19T11:15:27+00:00\",\"dateModified\":\"2022-06-19T11:16:18+00:00\",\"breadcrumb\":{\"@id\":\"https:\/\/llamber.com\/politica-de-cookies\/#breadcrumb\"},\"inLanguage\":\"en-GB\",\"potentialAction\":[{\"@type\":\"ReadAction\",\"target\":[\"https:\/\/llamber.com\/politica-de-cookies\/\"]}]},{\"@type\":\"BreadcrumbList\",\"@id\":\"https:\/\/llamber.com\/politica-de-cookies\/#breadcrumb\",\"itemListElement\":[{\"@type\":\"ListItem\",\"position\":1,\"name\":\"Portada\",\"item\":\"https:\/\/llamber.com\/\"},{\"@type\":\"ListItem\",\"position\":2,\"name\":\"Pol\u00edtica de cookies\"}]},{\"@type\":\"WebSite\",\"@id\":\"https:\/\/llamber.com\/#website\",\"url\":\"https:\/\/llamber.com\/\",\"name\":\"Taberna Llamber\",\"description\":\"Restaurante asturiano en Barcelona\",\"publisher\":{\"@id\":\"https:\/\/llamber.com\/#organization\"},\"potentialAction\":[{\"@type\":\"SearchAction\",\"target\":{\"@type\":\"EntryPoint\",\"urlTemplate\":\"https:\/\/llamber.com\/?s={search_term_string}\"},\"query-input\":\"required name=search_term_string\"}],\"inLanguage\":\"en-GB\"},{\"@type\":\"Organization\",\"@id\":\"https:\/\/llamber.com\/#organization\",\"name\":\"Taberna Llamber\",\"url\":\"https:\/\/llamber.com\/\",\"logo\":{\"@type\":\"ImageObject\",\"inLanguage\":\"en-GB\",\"@id\":\"https:\/\/llamber.com\/#\/schema\/logo\/image\/\",\"url\":\"https:\/\/llamber.com\/wp-content\/uploads\/2022\/06\/cropped-logo-llamber.png\",\"contentUrl\":\"https:\/\/llamber.com\/wp-content\/uploads\/2022\/06\/cropped-logo-llamber.png\",\"width\":447,\"height\":150,\"caption\":\"Taberna Llamber\"},\"image\":{\"@id\":\"https:\/\/llamber.com\/#\/schema\/logo\/image\/\"},\"sameAs\":[\"https:\/\/es-es.facebook.com\/llamberbarcelona\/\",\"https:\/\/www.instagram.com\/llamber_restaurant_barcelona\/?hl=es\"]}]}<\/script>\n<!-- \/ Yoast SEO plugin. -->","yoast_head_json":{"title":"Pol\u00edtica de cookies - Taberna Llamber","robots":{"index":"index","follow":"follow","max-snippet":"max-snippet:-1","max-image-preview":"max-image-preview:large","max-video-preview":"max-video-preview:-1"},"canonical":"https:\/\/llamber.com\/eng\/politica-de-cookies\/","og_locale":"en_GB","og_type":"article","og_title":"Pol\u00edtica de cookies - Taberna Llamber","og_description":"La actual legislaci\u00f3n LSSI (Ley de la Sociedad de la informaci\u00f3n y el Comercio electr\u00f3nico) nos obliga a informar sobre las cookies que se descargan en esta web, en especial sobre las cookies de terceros. Aunque es imposible hacerlo de manera estricta (dado que la mayor\u00eda dependen exclusivamente de servicios como Google) al menos en...","og_url":"https:\/\/llamber.com\/eng\/politica-de-cookies\/","og_site_name":"Taberna Llamber","article_publisher":"https:\/\/es-es.facebook.com\/llamberbarcelona\/","article_modified_time":"2022-06-19T11:16:18+00:00","twitter_card":"summary_large_image","twitter_misc":{"Estimated reading time":"6 minutes"},"schema":{"@context":"https:\/\/schema.org","@graph":[{"@type":"WebPage","@id":"https:\/\/llamber.com\/politica-de-cookies\/","url":"https:\/\/llamber.com\/politica-de-cookies\/","name":"Pol\u00edtica de cookies - Taberna Llamber","isPartOf":{"@id":"https:\/\/llamber.com\/#website"},"datePublished":"2022-06-19T11:15:27+00:00","dateModified":"2022-06-19T11:16:18+00:00","breadcrumb":{"@id":"https:\/\/llamber.com\/politica-de-cookies\/#breadcrumb"},"inLanguage":"en-GB","potentialAction":[{"@type":"ReadAction","target":["https:\/\/llamber.com\/politica-de-cookies\/"]}]},{"@type":"BreadcrumbList","@id":"https:\/\/llamber.com\/politica-de-cookies\/#breadcrumb","itemListElement":[{"@type":"ListItem","position":1,"name":"Portada","item":"https:\/\/llamber.com\/"},{"@type":"ListItem","position":2,"name":"Pol\u00edtica de cookies"}]},{"@type":"WebSite","@id":"https:\/\/llamber.com\/#website","url":"https:\/\/llamber.com\/","name":"Taberna Llamber","description":"Restaurante asturiano en Barcelona","publisher":{"@id":"https:\/\/llamber.com\/#organization"},"potentialAction":[{"@type":"SearchAction","target":{"@type":"EntryPoint","urlTemplate":"https:\/\/llamber.com\/?s={search_term_string}"},"query-input":"required name=search_term_string"}],"inLanguage":"en-GB"},{"@type":"Organization","@id":"https:\/\/llamber.com\/#organization","name":"Taberna Llamber","url":"https:\/\/llamber.com\/","logo":{"@type":"ImageObject","inLanguage":"en-GB","@id":"https:\/\/llamber.com\/#\/schema\/logo\/image\/","url":"https:\/\/llamber.com\/wp-content\/uploads\/2022\/06\/cropped-logo-llamber.png","contentUrl":"https:\/\/llamber.com\/wp-content\/uploads\/2022\/06\/cropped-logo-llamber.png","width":447,"height":150,"caption":"Taberna Llamber"},"image":{"@id":"https:\/\/llamber.com\/#\/schema\/logo\/image\/"},"sameAs":["https:\/\/es-es.facebook.com\/llamberbarcelona\/","https:\/\/www.instagram.com\/llamber_restaurant_barcelona\/?hl=es"]}]}},"_links":{"self":[{"href":"https:\/\/llamber.com\/eng\/wp-json\/wp\/v2\/pages\/1860"}],"collection":[{"href":"https:\/\/llamber.com\/eng\/wp-json\/wp\/v2\/pages"}],"about":[{"href":"https:\/\/llamber.com\/eng\/wp-json\/wp\/v2\/types\/page"}],"author":[{"embeddable":true,"href":"https:\/\/llamber.com\/eng\/wp-json\/wp\/v2\/users\/4"}],"replies":[{"embeddable":true,"href":"https:\/\/llamber.com\/eng\/wp-json\/wp\/v2\/comments?post=1860"}],"version-history":[{"count":6,"href":"https:\/\/llamber.com\/eng\/wp-json\/wp\/v2\/pages\/1860\/revisions"}],"predecessor-version":[{"id":1869,"href":"https:\/\/llamber.com\/eng\/wp-json\/wp\/v2\/pages\/1860\/revisions\/1869"}],"wp:attachment":[{"href":"https:\/\/llamber.com\/eng\/wp-json\/wp\/v2\/media?parent=1860"}],"curies":[{"name":"wp","href":"https:\/\/api.w.org\/{rel}","templated":true}]}}